+ 2*t**2 + 5*t**2 + 4 + 3*t**3. List the prime factors of q(5).
2, 7
Let l(v) = 1 + 6*v**2 + 2*v - 1 - 4*v. What are the prime factors of l(2)?
2, 5
Let y be (-3)/(-6) + (-2)/4. Suppose 3*p - 81 = -y*p. List the prime factors of p.
3
Suppose -3*v + 2*z + 2*z + 75 = 0, -3*v + 75 = -3*z. What are the prime factors of v?
5
Let s(r) = -4*r + 3. Let i = 2 - 8. Let p be (9/i)/((-2)/(-4)). What are the prime factors of s(p)?
3, 5
Let l(k) = -2*k + 1. Let t be l(1). List the prime factors of 9/((12/(-40))/t).
2, 3, 5
Let l be (-3 - -8)*1 - -3. Suppose 4*i + 20 = l*i. What are the prime factors of i?
5
Let t = 14 - 4. Suppose -5*j + 0 = 3*p + 25, t = 5*p - 2*j. Suppose -5*n + p*n = -35. What are the prime factors of n?
7
Let h(w) = 5*w**2 - 6*w - 3. What are the prime factors of h(-4)?
101
Suppose -9*r + 698 = 248. List the prime factors of r.
2, 5
Suppose -3*p + 33 = 4*j + 8, -3*p + 5*j - 11 = 0. Suppose 0 = p*l + 2*l + 55. List the prime factors of -1 + 0 - (l + 3).
7
Let l = 2 + 7. Let y = l + -6. What are the prime factors of y?
3
Let j(v) = -2*v**2 - 15*v - 14. Let l(o) = -o**2 - 7*o - 7. Let r(x) = 2*j(x) - 5*l(x). List the prime factors of r(-5).
7
Suppose 20 + 204 = 4*w. What are the prime factors of w?
2, 7
Suppose u + 78 + 31 = 0. Let g = -73 - u. List the prime factors of (-1)/5 - g/(-5).
7
Suppose -3*s + 625 = -0*s - h, 0 = -3*s + 2*h + 629. List the prime factors of s.
3, 23
Suppose -5*f = -3*j - 1512, j - 705 = -5*f + 811. What are the prime factors of f?
3, 101
Let x(f) = -f**3 + 6*f**2 + 3*f - 4. Let t be x(6). Let p = 21 - t. List the prime factors of p.
7
Let i(w) be the third derivative of 31*w**6/120 + w**4/24 - w**3/6 + 6*w**2. What are the prime factors of i(1)?
31
Let k(p) = p**2 - 7*p + 2. Let b be k(6). Let t be 15/6 - 2/b. List the prime factors of t + (0/(-2))/1.
3
Suppose -5*u + 3*j - 14 - 5 = 0, 4*u = -2*j - 2. Let w be (1/(-2))/(u/(-92)). Let g = w - -34. What are the prime factors of g?
11
Suppose -1045 = -13*i + 905. What are the prime factors of i?
2, 3, 5
Suppose -5*c + o + 3*o = -16, 2*c + 12 = -3*o. Suppose c*b + 6 = b. What are the prime factors of b?
2, 3
Let o be (1*-3)/((-2)/4). Suppose -j + o*j = 145. Let s = j + -14. List the prime factors of s.
3, 5
Let f be (2*-3)/(6/(-4)). Suppose 2*i - 4*i = 10, -f*a + 5*i + 33 = 0. Suppose a*d + 12 = 5*d. List the prime factors of d.
2
Let t(x) = -x + 17. Suppose 3*f - 4*g - 36 = -f, -41 = -5*f + 3*g. What are the prime factors of t(f)?
2, 5
Let m be (8/(-6))/(6/(-126)). Suppose 2*s + 4 = 0, 5*j = s + 3*s + m. What are the prime factors of j?
2
Let b(a) = -a**3 - 6*a**2 + 7*a + 7. Let x be (3 + -7 - -3)*7. What are the prime factors of b(x)?
7
Let k = 51 + 51. What are the prime factors of k?
2, 3, 17
Let r(j) = 2*j**2 - 4*j + 4. Let o be r(5). Suppose 2*l = -2*n + 15 + 19, 2*l - o = -4*n. What are the prime factors of l?
17
Let v = -32 + 18. Let g = -4 - v. Let n = -5 + g. List the prime factors of n.
5
Suppose -q = -3 - 146. What are the prime factors of q?
149
Let p(d) = d**3 + 8*d**2 - 8*d + 6. Let g be p(-9). Let q be (g + 2/2)/1. Let w(v) = v**3 + 3*v**2 - 2*v + 1. What are the prime factors of w(q)?
3
Let l be ((-1 - 0) + 2)*0. Suppose -j + 0*j + 7 = l. Suppose -j*f + 52 = 4*k - 2*f, 5*f - 20 = 0. What are the prime factors of k?
2
Let x = 254 + -168. List the prime factors of x.
2, 43
Let p(o) be the second derivative of -3*o**3/2 + o**2/2 - o. List the prime factors of p(-2).
19
Let d(v) = v**2 - 10*v + 13. Let s be d(9). Suppose -s*m + 341 + 373 = 5*i, 3*m - 536 = -4*i. List the prime factors of m/18 + (-8)/(-36).
2, 5
Let a = -5 + 30. What are the prime factors of a?
5
Suppose -3*y + 93 = 3*m, 2*m - 3*y - 8 = 54. List the prime factors of m.
31
Let g(x) = x**2. Let m be g(2). Suppose -c = -m*c + 15. Suppose 0*a + c*a - 25 = 0. What are the prime factors of a?
5
Suppose 3*j + 352 = 7*j. What are the prime factors of j?
2, 11
Let c(w) = -w**2 - 21*w + 2. List the prime factors of c(-18).
2, 7
Suppose 7 = -2*g + d, -2*g - 3*d - 1 = -6. List the prime factors of (-74)/(-4) + g/4.
2, 3
Let i(q) = -35*q + 2. What are the prime factors of i(-1)?
37
Suppose -i - 24 = -5*i. What are the prime factors of i?
2, 3
Suppose -2*c - 3*p + 20 = 0, -4*c = -3*c - 3*p - 10. What are the prime factors of c?
2, 5
Let k(r) = r**3 + 3*r**2 - 2. List the prime factors of k(3).
2, 13
Let n = -38 - -64. What are the prime factors of n?
2, 13
Let v be 10/6 - (-1)/3. Suppose -18 = -3*w + v*o - 2, -o + 44 = 5*w. What are the prime factors of w?
2
Let q be 19/1 - 1/1. Let y = q + -44. Let v = y - -42. List the prime factors of v.
2
Let x be 14/2 + 0/(-1). What are the prime factors of (x*(4 + -2))/2?
7
Let i be 9/15 - (-26)/(-10). Let l be 1 + (-9)/6*i. What are the prime factors of l/(-30) - (-302)/15?
2, 5
Suppose -2*f - 9 = -5*f. Suppose -f*l = -2*l - 8. What are the prime factors of l?
2
Suppose -4*m + 0*k + 16 = -3*k, 3 = -m - k. Let o(b) = 6*b**2 + b. What are the prime factors of o(m)?
7
Let g(y) = 7*y**3 - y**2 - y + 1. What are the prime factors of g(2)?
3, 17
Let a(h) = -h - 1. Let r(t) = 6*t + 6. Let x(p) = -4*a(p) - r(p). Let l be x(-2). Let y(q) = q + 1. What are the prime factors of y(l)?
3
Let p(n) = -n - 4. Let w be p(-5). Suppose -3*o - 2*h + 11 = 0, 3*h - h + 1 = o. What are the prime factors of 0 + o/1*w?
3
Suppose 0 = -0*x - x. Let k be (-8 - x)/(-2 - 0). Suppose 39 = k*u + 3*i, -2*u - 2*i + 14 = -6*i. List the prime factors of u.
3
Suppose 0 = -5*m - 3 - 7. Let x = m - -26. What are the prime factors of (-4)/(x/(-34))*3?
17
Let d = -8 - -11. Suppose d*x - 1 - 1 = 2*i, -5*x - 2*i = -14. List the prime factors of x.
2
Let y(f) = 71*f**2 - 2*f - 5. List the prime factors of y(-2).
283
Let d(u) = -2*u**3 - 8*u**2 - 2. Let v be d(-6). Suppose -10 = -4*l + v. List the prime factors of l.
2, 19
Let j = 115 + -1. List the prime factors of j.
2, 3, 19
Let r = 4 - 2. List the prime factors of 32 - ((-4 - -3) + r).
31
Suppose 5*h + 10 + 25 = 0. Let i(d) = -d**3 - 7*d**2 - 2*d + 1. What are the prime factors of i(h)?
3, 5
Suppose -6 = -q - 8. Let z = q + 32. List the prime factors of z.
2, 3, 5
Let f(h) = 24*h**2 + 8*h - 11. List the prime factors of f(2).
101
Let r(q) = q + 15*q - 3 - 4*q. What are the prime factors of r(2)?
3, 7
Let p = -273 - -402. What are the prime factors of p?
3, 43
Suppose 2*x - x = -6. Let s = -3 - x. Suppose -3*r - 18 = -2*t, s*t - r - 22 = r. List the prime factors of t.
2, 3
Let l be (-2)/8 - (-258)/8. Suppose 0*f + 20 = f. Let b = l - f. List the prime factors of b.
2, 3
Suppose 0 = 6*i - 5*i - 41. List the prime factors of i.
41
Suppose 2 + 16 = 2*w. Let c(g) = g**2 - 8*g - 6. List the prime factors of c(w).
3
Let o = -1 + 0. List the prime factors of (o/3)/((-6)/252).
2, 7
Suppose b - 27 = 4*g - 6, -4*b - 4*g + 64 = 0. What are the prime factors of b?
17
Let j(q) = q**2 + 2*q - 1. Let v be j(-3). Suppose -a + 6 = v*a. Suppose -2*p - 32 = -4*x - 3*p, 10 = a*x - p. What are the prime factors of x?
7
Suppose t + t = 2. Suppose -r = t - 6. Suppose 4*c - 2*s - 22 = 0, -3*c = -c - r*s - 7. What are the prime factors of c?
2, 3
Suppose -169 + 681 = 2*q. List the prime factors of q.
2
Let v(b) = 2*b. List the prime factors of v(31).
2, 31
Let g = -5 + 10. Suppose j - g*j = -72. Suppose -2*y + j = y. What are the prime factors of y?
2, 3
Let b(i) = -i**2 - 4*i - 4. Let o be b(-2). Suppose 5*h = 2*z - 9 - 5, -5*h = o. List the prime factors of z.
7
Let u = -77 - -30. Let y = u + 70. List the prime factors of y.
23
Let g(w) = w - 5. Let r be g(0). Let x be (-19)/r + (-2)/(-10). Suppose 0*q - 20 = -x*q. List the prime factors of q.
5
Let r(m) = 5*m**2 + 2*m - 1. Let f be r(-2). Let z = f + -5. Let g = -6 + z. What are the prime factors of g?
2
Let t be (2 + (1 - 2))*23. Suppose 2*h = -3*v + t, -4*h - h - 5*v + 60 = 0. List the prime factors of h.
13
Let v = -10 + 28. Let t = v - -14. What are the prime factors of t?
2
Let q(j) = j**3 + j**2 - 17*j + 7. List the prime factors of q(7).
2, 5, 7
Let z be (-1)/((-1)/(-2)) - -13. Let o = z - 4. List the prime factors of o.
7
Let f(z) be the second derivative of -z**5/20 - 7*z**4/12 - z**3/2 - 5*z**2/2 + z. List the prime factors of f(-7).
2
Let y(o) = o**2 - 3*o + 19. List the prime factors of y(7).
47
Let j = 17 +